 1330 is divided by 424?
58
Calculate the remainder when 31340 is divided by 23.
14
Calculate the remainder when 950 is divided by 145.
80
What is the remainder when 69742 is divided by 94?
88
Calculate the remainder when 18699 is divided by 360.
339
Calculate the remainder when 27733 is divided by 280.
13
Calculate the remainder when 181084 is divided by 36207.
49
What is the remainder when 797 is divided by 98?
13
Calculate the remainder when 10567 is divided by 226.
171
What is the remainder when 9209 is divided by 699?
122
What is the remainder when 5056 is divided by 71?
15
What is the remainder when 6217 is divided by 59?
22
Calculate the remainder when 5544 is divided by 5539.
5
Calculate the remainder when 630881 is divided by 54.
53
What is the remainder when 170753 is divided by 13?
11
Calculate the remainder when 313430 is divided by 193.
191
Calculate the remainder when 528816 is divided by 20.
16
Calculate the remainder when 21839 is divided by 79.
35
Calculate the remainder when 23338 is divided by 222.
28
What is the remainder when 93597 is divided by 96?
93
What is the remainder when 997762 is divided by 71?
70
What is the remainder when 5781 is divided by 222?
9
Calculate the remainder when 834 is divided by 168.
162
What is the remainder when 2259 is divided by 563?
7
Calculate the remainder when 2032 is divided by 412.
384
What is the remainder when 192830 is divided by 27?
23
What is the remainder when 365386 is divided by 6?
4
Calculate the remainder when 301983 is divided by 1418.
1367
Calculate the remainder when 756132 is divided by 405.
402
Calculate the remainder when 29575 is divided by 7355.
155
What is the remainder when 33642 is divided by 1344?
42
Calculate the remainder when 10099 is divided by 3360.
19
What is the remainder when 8607 is divided by 268?
31
What is the remainder when 1162 is divided by 106?
102
What is the remainder when 865 is divided by 849?
16
Calculate the remainder when 44559 is divided by 64.
15
Calculate the remainder when 7783 is divided by 234.
61
What is the remainder when 54888 is divided by 6?
0
Calculate the remainder when 14418 is divided by 2402.
6
Calculate the remainder when 961 is divided by 956.
5
What is the remainder when 1846 is divided by 377?
338
What is the remainder when 9495 is divided by 256?
23
Calculate the remainder when 10994 is divided by 407.
5
Calculate the remainder when 1513 is divided by 483.
64
What is the remainder when 433102 is divided by 485?
482
What is the remainder when 8536 is divided by 1962?
688
What is the remainder when 3149 is divided by 72?
53
What is the remainder when 157864 is divided by 634?
632
Calculate the remainder when 21153 is divided by 41.
38
Calculate the remainder when 403909 is divided by 163.
158
What is the remainder when 8228 is divided by 2722?
62
What is the remainder when 5617 is divided by 1115?
42
What is the remainder when 166509 is divided by 55503?
0
Calculate the remainder when 26066 is divided by 427.
19
Calculate the remainder when 4026609 is divided by 46.
45
Calculate the remainder when 944 is divided by 564.
380
Calculate the remainder when 9627 is divided by 386.
363
What is the remainder when 246317 is divided by 13?
6
Calculate the remainder when 4917214 is divided by 19.
14
Calculate the remainder when 159614 is divided by 86.
84
What is the remainder when 6949 is divided by 302?
3
Calculate the remainder when 2834 is divided by 1387.
60
What is the remainder when 725 is divided by 217?
74
Calculate the remainder when 11017 is divided by 2754.
1
What is the remainder when 130362 is divided by 11846?
56
What is the remainder when 5810 is divided by 241?
26
Calculate the remainder when 799 is divided by 251.
46
Calculate the remainder when 8881 is divided by 63.
61
Calculate the remainder when 184613 is divided by 491.
488
Calculate the remainder when 1244836 is divided by 541.
536
Calculate the remainder when 5198 is divided by 864.
14
What is the remainder when 339812 is divided by 1307?
1299
Calculate the remainder when 27915 is divided by 3.
0
Calculate the remainder when 2927 is divided by 2668.
259
What is the remainder when 12195 is divided by 6089?
17
Calculate the remainder when 14531 is divided by 2070.
41
Calculate the remainder when 297555 is divided by 2.
1
What is the remainder when 55509 is divided by 176?
69
What is the remainder when 3383850 is divided by 92?
90
Calculate the remainder when 41071 is divided by 13684.
19
What is the remainder when 6121 is divided by 17?
1
What is the remainder when 3086 is divided by 129?
119
What is the remainder when 1340482 is divided by 1267?
1263
Calculate the remainder when 369708 is divided by 46212.
12
Calculate the remainder when 312623 is divided by 468.
467
What is the remainder when 326 is divided by 121?
84
What is the remainder when 8318 is divided by 80?
78
Calculate the remainder when 833864 is divided by 416926.
12
What is the remainder when 21361 is divided by 60?
1
What is the remainder when 1784699 is divided by 15?
14
Calculate the remainder when 116843 is divided by 84.
83
Calculate the remainder when 3029997 is divided by 150.
147
What is the remainder when 406 is divided by 42?
28
Calculate the remainder when 20174 is divided by 6721.
11
What is the remainder when 8366 is divided by 50?
16
What is the remainder when 710 is divided by 149?
114
What is the remainder when 2673 is divided by 42?
27
Calculate the remainder when 1940 is divided by 697.
546
Calculate the remainder when 6378 is divided by 229.
195
What is the remainder when 35796 is divided by 93?
84
Calculate the remainder when 533548 is divided by 1478.
1468
Calculate the remainder when 30009 is divided by 667.
661
Calculate the remainder when 135015 is divided by 24.
15
What is the remainder when 3924 is divided by 159?
108
What is the remainder when 1929 is divided by 694?
541
Calculate the remainder when 178 is divided by 55.
13
Calculate the remainder when 223645 is divided by 525.
520
Calculate the remainder when 4967 is divided by 73.
3
What is the remainder when 3431 is divided by 504?
407
What is the remainder when 2573 is divided by 19?
8
What is the remainder when 1185 is divided by 33?
30
What is the remainder when 6091 is divided by 676?
7
Calculate the remainder when 2368 is divided by 2110.
258
What is the remainder when 52562 is divided by 21?
20
Calculate the remainder when 12381 is divided by 628.
449
Calculate the remainder when 100612 is divided by 10045.
162
What is the remainder when 53746 is divided by 17915?
1
Calculate the remainder when 7924 is divided by 3653.
618
Calculate the remainder when 322357 is divided by 138.
127
What is the remainder when 1634415 is divided by 81?
78
What is the remainder when 14679 is divided by 4892?
3
Calculate the remainder when 52859 is divided by 1699.
190
Calculate the remainder when 228307 is divided by 152.
3
Calculate the remainder when 65087 is divided by 10831.
101
Calculate the remainder when 83279 is divided by 80.
79
Calculate the remainder when 1633 is divided by 49.
16
Calculate the remainder when 55766 is divided by 1362.
1286
Calculate the remainder when 16738 is divided by 42.
22
Calculate the remainder when 97661 is divided by 769.
767
Calculate the remainder when 1997 is divided by 134.
121
Calculate the remainder when 49399 is divided by 12329.
83
What is the remainder when 119672 is divided by 18?
8
What is the remainder when 7351 is divided by 3602?
147
Calculate the remainder when 203276 is divided by 50819.
0
Calculate the remainder when 5149 is divided by 1708.
25
Calculate the remainder when 230138 is divided by 15.
8
What is the remainder when 350251 is divided by 50033?
20
Calculate the remainder when 286 is divided by 277.
9
Calculate the remainder when 1290 is divided by 257.
5
Calculate the remainder when 27224 is divided by 106.
88
Calculate the remainder when 18074 is divided by 76.
62
Calculate the remainder when 20930 is divided by 5164.
274
What is the remainder when 3107 is divided by 2919?
188
Calculate the remainder when 12029 is divided by 344.
333
Calculate the remainder when 107706 is divided by 227.
108
What is the remainder when 46592 is divided by 132?
128
What is the remai